 what is 8181a5 - -c?
8181b2
In base 6, what is -32430541322 + -2?
-32430541324
In base 8, what is -27077 - 32?
-27131
In base 11, what is -9 + 3377081?
3377073
In base 2, what is 1101110110001010110111 + -101?
1101110110001010110010
In base 15, what is -20 - -1259b3?
125993
In base 4, what is -2113202101 + -202?
-2113202303
In base 9, what is -1458 - -30667?
28208
In base 7, what is 50305 + 105?
50413
In base 12, what is -12b6183 + -20?
-12b61a3
In base 14, what is -1 - -6660aa?
6660a9
In base 8, what is 1106 + 1570?
2676
In base 11, what is 728a + -817?
6573
In base 2, what is -111000110000 + -1011100001110?
-10010100111110
In base 16, what is -24 - 87428?
-8744c
In base 2, what is -11000100111011100011 - 111?
-11000100111011101010
In base 8, what is 12 - -265256620?
265256632
In base 9, what is -201207 - -360?
-200737
In base 11, what is 5a36 - 4367?
167a
In base 6, what is 25152 + -13225?
11523
In base 8, what is -15066 + 16502?
1414
In base 6, what is 2 + -1242020351?
-1242020345
In base 11, what is -10260 - 18?
-10278
In base 11, what is 1a91 - 2695?
-704
In base 8, what is -25175510 + -21?
-25175531
In base 13, what is -429364c + 1?
-429364b
In base 15, what is -1 + 3e80c3?
3e80c2
In base 6, what is 2150 - 24453200?
-24451010
In base 7, what is -1 + -14506320?
-14506321
In base 10, what is 1042 - 17452?
-16410
In base 5, what is -1224224 - -3113?
-1221111
In base 3, what is 102012122221020202 + -11?
102012122221020121
In base 14, what is -2 + 522c86?
522c84
In base 5, what is 14104014 + -12000?
14042014
In base 9, what is -365 - 554885?
-555361
In base 9, what is -10115501 + 65?
-10115425
In base 6, what is -4 + -112540150?
-112540154
In base 4, what is 13232232132032 + -3?
13232232132023
In base 8, what is 366112112 + 1?
366112113
In base 9, what is 0 - -272331287?
272331287
In base 2, what is -110101101111000101010 + -10010?
-110101101111000111100
In base 5, what is 10 - 144313034?
-144313024
In base 3, what is -10121012 - -20221112111?
20210221022
In base 6, what is 1002555 + 55232?
1102231
In base 2, what is -111101011011000001010011011 - 100?
-111101011011000001010011111
In base 8, what is -53406 - -55?
-53331
In base 3, what is -201022112112001 + 1?
-201022112112000
In base 8, what is 5 + 7016022?
7016027
In base 14, what is -34093 - 2d?
-340c2
In base 10, what is -5 + -410770?
-410775
In base 13, what is 80333 - -a?
80340
In base 15, what is -165956 + 9?
-16594c
In base 16, what is 9 + -ac0dcd?
-ac0dc4
In base 16, what is -86c - -fe84?
f618
In base 16, what is -1 - 5ee8259?
-5ee825a
In base 9, what is -420 + -454750?
-455270
In base 11, what is -11 + -237a90?
-237aa1
In base 5, what is 3 - -111231200?
111231203
In base 2, what is 11000010 - 10111000111100?
-10110101111010
In base 4, what is 1213113 + -132111?
1021002
In base 6, what is -4 - 21121311521?
-21121311525
In base 3, what is -2222 + -2121102120221?
-2121102200220
In base 2, what is -110011001010 - -111110010011?
1011001001
In base 6, what is -2101 + -4134330?
-4140431
In base 14, what is 3d1d64c - b?
3d1d641
In base 3, what is 2110121020111 + -112?
2110121012222
In base 2, what is 1 + -10010000110110001110000000?
-10010000110110001101111111
In base 2, what is 11100101 - 100110101011110?
-100110001111001
In base 3, what is 22 + -21010211222?
-21010211200
In base 3, what is 2 - -10000210001?
10000210010
In base 8, what is 76 - 1354067?
-1353771
In base 9, what is -1664166 - -11?
-1664155
In base 16, what is -2c8 + 112d?
e65
In base 9, what is 423368516 - 5?
423368511
In base 10, what is 2648 - 5312?
-2664
In base 15, what is 1c - 9d00?
-9cd3
In base 2, what is -1101000100100111 + -100010011?
-1101001000111010
In base 6, what is 403451103 + -2?
403451101
In base 10, what is -8 + 82513972?
82513964
In base 4, what is 30120122 - -1302320?
32023102
In base 11, what is 5 + 68464764?
68464769
In base 9, what is -23 + 10502045?
10502022
In base 12, what is -11a3b1 - 66?
-11a457
In base 2, what is -11111101 - 100000100100?
-100100100001
In base 14, what is -72b6 - 182d?
-8b05
In base 3, what is 10122021001 + -11210?
10122002021
In base 13, what is -38ba - 1a12?
-55cc
In base 3, what is 2111 - 222100020021?
-222100010210
In base 4, what is 323122313222 - 2?
323122313220
In base 11, what is 1143 - -a944?
10a87
In base 13, what is -15 + 80a49?
80a34
In base 6, what is -21112004401 - 5?
-21112004410
In base 6, what is -231535341243 + 2?
-231535341241
In base 11, what is 256a983 + -27?
256a957
In base 7, what is -16225033 - -54?
-16224646
In base 12, what is 6055b708 + -5?
6055b703
In base 6, what is 1345 - -144542?
150331
In base 16, what is -2 - 311bb5?
-311bb7
In base 5, what is 3 + 201104222?
201104230
In base 6, what is 51355510054 + -2?
51355510052
In base 4, what is 11 + -30030121100?
-30030121023
In base 6, what is 45402 + -134413?
-45011
In base 7, what is 3021 - 65045?
-62024
In base 6, what is -3235 - 203402?
-211041
In base 6, what is -1331051 - -143502?
-1143145
In base 13, what is 5 + -634591?
-634589
In base 6, what is 0 + -154105104?
-154105104
In base 13, what is -38a - -a97b?
a5c1
In base 16, what is -7 + -140783?
-14078a
In base 11, what is -65325 - -28?
-652a8
In base 15, what is -11c88a1 + 0?
-11c88a1
In base 9, what is -5773 - -10056?
3173
In base 9, what is -5240083 - 7?
-5240101
In base 15, what is 64b + -2504?
-1da8
In base 4, what is 1012022110321 + -2?
1012022110313
In base 16, what is 2439d + -159?
24244
In base 7, what is -100512 + 46001?
-21511
In base 9, what is -15 - 180274?
-180300
In base 8, what is -6337545 - 12?
-6337557
In base 15, what is -4e + e18d1?
e1882
In base 3, what is 1 - 102200012100221?
-102200012100220
In base 2, what is -101011001111101 + 10011011?
-101010111100010
In base 6, what is 1040135 + -22?
1040113
In base 13, what is -151 - 6ac490?
-6ac611
In base 7, what is 655030 - 325?
654402
In base 2, what is -101001100010101000 + -101111010?
-101001101000100010
In base 16, what is -142ecc - 3?
-142ecf
In base 15, what is de6 - -133?
1029
In base 11, what is -6831 - -8478?
1747
In base 14, what is 8ad21c + -9b?
8ad161
In base 14, what is -2d0a93 - 31?
-2d0ac4
In base 3, what is 10201220001 + -1011002?
10200201222
In base 10, what is -60 - 3156080?
-3156140
In base 2, what is -11010001110010001 - 110001?
-11010001111000010
In base 2, what is -111011000011 - 1000000100011101?
-1000111111100000
In base 2, what is 101000101111111101011000001010 - 101?
101000101111111101011000000101
In base 16, what is 18b + -4855?
-46ca
In base 15, what is 20 - 9930c9?
-9930a9
In base 9, what is 0 - -110127733?
110127733
In base 9, what is 2412 + 41410?
43822
In base 7, what is -315446 + -1051?
-316530
In base 6, what is 215520 + -233?
215243
In base 4, what is -1 + -22231030212?
-22231030213
In base 8, what is 2407314365 + 5?
2407314372
In base 3, what is -1010 + 202212112221?
202212111211
In base 11, what is 213 - -735?
948
In base 12, what is -b37 - -638?
-4bb
In base 7, what is 11512432 - 1324?
11511105
In base 14, what is -d - -55120?
55111
In base 7, what is 65062014 - -2?
65062016
In base 7, what is -4032 - 6336645?
-6344010
In base 8, what is -2414035712 - -4?
-2414035706
In base 2, what is 110001 - 1111111010111100110010?
-1111111010111100000001
In base 13, what is 1 - 1a014877?
-1a014876
In base 11, what is 488 - 248137?
-24775a
In base 14, what is -29d3c - -108?
-29c34
In base 8, what is -35272126 - -3?
-35272123
In base 7, what is -11422042 + 4?
-11422035
In base 2, what is 110010 + -11110100100010?
-11110011110000
In base 14, what is -d96400 + c?
-d963d2
In base 10, what is 32384627 + 4?
32384631
In base 6, what is -4 + -1501004055?
-1501004103
In base 3, what is 102211210100200 - -102?
102211210101002
In base 3, what is 202110 + -201000?
1110
In base 16, what is -2 + 4f4730?
4f472e
In base 8, what is 7217 + 2042?
11261
In base 4, what is -231 - 13002210210?
-13002211101
In base 5, what is 1 + 302033303121?
302033303122
In base 4, what is -231 + -1110003321?
-1110010212
In base 13, what is -11b172c45 - -2?
-11b172c43
In base 14, what is 93b + -b19?
-1bc
In base 11, what is -526a + 7035?
1876
In base 2, what is -101100111000011010001 - 1010111?
-101100111000100101000
In base 15, what is -13 + -a08991?
-a089a4
In base 7, what is -4430604612 - 